ivided by 2244.
2232
What is the remainder when 843844 is divided by 1040?
404
Calculate the remainder when 312133 is divided by 6641.
6
What is the remainder when 82908 is divided by 8284?
68
What is the remainder when 33138640 is divided by 13?
2
Calculate the remainder when 17800487 is divided by 58.
55
Calculate the remainder when 132662 is divided by 342.
308
What is the remainder when 1327944478 is divided by 12?
10
Calculate the remainder when 10862130 is divided by 2715520.
50
What is the remainder when 332027 is divided by 473?
454
Calculate the remainder when 15271604 is divided by 1527160.
4
Calculate the remainder when 744806 is divided by 39199.
25
What is the remainder when 2811284 is divided by 11913?
11729
Calculate the remainder when 2700890 is divided by 158853.
389
Calculate the remainder when 100653 is divided by 25152.
45
What is the remainder when 1094958 is divided by 162?
0
Calculate the remainder when 137144 is divided by 314.
240
What is the remainder when 89491 is divided by 29774?
169
What is the remainder when 2659704 is divided by 1940?
1904
Calculate the remainder when 8467456 is divided by 1943.
1805
What is the remainder when 67736 is divided by 309?
65
Calculate the remainder when 481589 is divided by 53506.
35
What is the remainder when 17398 is divided by 719?
142
Calculate the remainder when 1443233 is divided by 914.
27
What is the remainder when 236950282 is divided by 204?
202
What is the remainder when 241702 is divided by 40282?
10
What is the remainder when 85833 is divided by 9535?
18
What is the remainder when 29153282 is divided by 22547?
11
Calculate the remainder when 147215 is divided by 1227.
1202
What is the remainder when 64132916 is divided by 1047?
1025
Calculate the remainder when 9241 is divided by 1177.
1002
What is the remainder when 51707 is divided by 17196?
119
Calculate the remainder when 48744 is divided by 798.
66
What is the remainder when 3899050 is divided by 229355?
15
What is the remainder when 130388292 is divided by 19?
13
Calculate the remainder when 1689976 is divided by 989.
764
What is the remainder when 13336 is divided by 3312?
88
What is the remainder when 2564926 is divided by 459?
34
What is the remainder when 306762 is divided by 1235?
482
What is the remainder when 4374554 is divided by 1093629?
38
Calculate the remainder when 1590193 is divided by 1349.
1071
What is the remainder when 979675 is divided by 1895?
1855
What is the remainder when 61557 is divided by 15365?
97
What is the remainder when 347016 is divided by 115664?
24
Calculate the remainder when 322589855 is divided by 1081.
1078
Calculate the remainder when 27762 is divided by 1127.
714
What is the remainder when 118901143 is divided by 30?
13
What is the remainder when 333751170 is divided by 359?
358
Calculate the remainder when 67273228 is divided by 33636609.
10
Calculate the remainder when 5957466 is divided by 97.
17
Calculate the remainder when 157937 is divided by 585.
572
What is the remainder when 3723283 is divided by 586?
425
Calculate the remainder when 1313 is divided by 18.
17
Calculate the remainder when 514618 is divided by 34.
28
What is the remainder when 4652926 is divided by 712?
6
What is the remainder when 866206 is divided by 123739?
33
What is the remainder when 169361 is divided by 3321?
3311
What is the remainder when 117350866 is divided by 117350841?
25
What is the remainder when 2146377 is divided by 9891?
30
What is the remainder when 88407 is divided by 44074?
259
What is the remainder when 24783690 is divided by 207?
201
What is the remainder when 334851 is divided by 3992?
3515
What is the remainder when 2668452 is divided by 4826?
4500
What is the remainder when 3173516 is divided by 207?
206
Calculate the remainder when 5140330 is divided by 27.
16
Calculate the remainder when 1959965 is divided by 3500.
3465
Calculate the remainder when 51054 is divided by 4384.
2830
Calculate the remainder when 3613397 is divided by 180666.
77
What is the remainder when 38809 is divided by 7568?
969
What is the remainder when 9083364 is divided by 47064?
12
What is the remainder when 1542641 is divided by 24?
17
What is the remainder when 1659724 is divided by 38?
36
What is the remainder when 197663339 is divided by 28?
27
Calculate the remainder when 2757106 is divided by 338.
40
What is the remainder when 2210954 is divided by 56689?
83
Calculate the remainder when 1759508 is divided by 72.
44
Calculate the remainder when 5555354 is divided by 125.
104
What is the remainder when 122126978 is divided by 6784832?
2
What is the remainder when 268182 is divided by 138?
48
Calculate the remainder when 579327 is divided by 2252.
563
Calculate the remainder when 7099192 is divided by 2177.
2172
Calculate the remainder when 4383441 is divided by 5972.
5965
What is the remainder when 1791243 is divided by 895539?
165
What is the remainder when 387289 is divided by 124?
37
What is the remainder when 76774078 is divided by 3?
1
Calculate the remainder when 84880 is divided by 77.
26
Calculate the remainder when 178755 is divided by 7149.
30
Calculate the remainder when 3350086 is divided by 279173.
10
Calculate the remainder when 5619368 is divided by 510851.
7
What is the remainder when 2726487694 is divided by 16?
14
Calculate the remainder when 12216603 is divided by 8188.
107
What is the remainder when 238625 is divided by 373?
278
Calculate the remainder when 71406 is divided by 23799.
9
What is the remainder when 671797 is divided by 14?
7
Calculate the remainder when 43753 is divided by 2901.
238
What is the remainder when 2401398 is divided by 20?
18
Calculate the remainder when 6114596 is divided by 41.
20
Calculate the remainder when 5568518 is divided by 85.
83
What is the remainder when 175526 is divided by 8465?
6226
Calculate the remainder when 46355 is divided by 957.
419
What is the remainder when 483115 is divided by 4600?
115
What is the remainder when 14959811 is divided by 296?
267
What is the remainder when 98659 is divided by 98058?
601
What is the remainder when 829950 is divided by 829914?
36
Calculate the remainder when 1692186 is divided by 17445.
21
Calculate the remainder when 1492116 is divided by 717.
39
What is the remainder when 81319 is divided by 80661?
658
Calculate the remainder when 12865475 is divided by 52.
51
What is the remainder when 116916260 is divided by 2386046?
6
What is the remainder when 8526235 is divided by 279?
274
What is the remainder when 15933 is divided by 840?
813
What is the remainder when 80406 is divided by 742?
270
Calculate the remainder when 1503760 is divided by 83542.
4
What is the remainder when 51580177 is divided by 13287?
43
What is the remainder when 402008 is divided by 23634?
230
What is the remainder when 1916535 is divided by 1464?
159
What is the remainder when 11455 is divided by 683?
527
Calculate the remainder when 1864781 is divided by 20.
1
Calculate the remainder when 2960526 is divided by 13464.
11910
Calculate the remainder when 6589429 is divided by 19.
1
Calculate the remainder when 77272260 is divided by 92.
80
What is the remainder when 236172 is divided by 78047?
2031
Calculate the remainder when 2976703 is divided by 248.
207
What is the remainder when 148281058 is divided by 155?
153
Calculate the remainder when 46011300 is divided by 2245.
25
What is the remainder when 1753573 is divided by 95?
63
What is the remainder when 21489259 is divided by 238769?
49
What is the remainder when 184434 is divided by 30300?
2634
Calculate the remainder when 4176192 is divided by 1070.
1052
What is the remainder when 2389766 is divided by 268?
10
What is the remainder when 174447 is divided by 17252?
1927
What is the remainder when 692622 is divided by 49461?
168
Calculate the remainder when 35323164 is divided by 1605598.
8
What is the remainder when 36553 is divided by 609?
13
What is the remainder when 1551091 is divided by 5221?
454
What is the remainder when 520185 is divided by 1809?
1002
What is the remainder when 16195883 is divided by 58?
21
Calculate the remainder when 1128107 is divided by 39.
32
Calculate the remainder when 24040738 is divided by 15.
13
What is the remainder when 8821826 is d